28290?
-49728286
In base 11, what is -1386 + -101496?
-102871
In base 5, what is 1133144401040 + 3?
1133144401043
In base 3, what is 2101221022001 - 0?
2101221022001
In base 12, what is -6 - -43b5715?
43b570b
In base 11, what is 2973215 - 1?
2973214
In base 10, what is 4 + 305251725?
305251729
In base 13, what is 1 - 449a176?
-449a175
In base 16, what is 36029f - -5?
3602a4
In base 14, what is -a1330 - 32?
-a1362
In base 3, what is 11021110 + 102120222?
120212102
In base 10, what is -4 + 15217516?
15217512
In base 6, what is 422305 + 1143?
423452
In base 11, what is 5 - -220a8303?
220a8308
In base 7, what is 3 + 601004445?
601004451
In base 2, what is -101000010000110100011001 + 11?
-101000010000110100010110
In base 12, what is 153a12b - -22?
153a151
In base 9, what is 1472020 - -5?
1472025
In base 6, what is 101313 - -424051?
525404
In base 10, what is -46425 + 555?
-45870
In base 9, what is -71112810 - -1?
-71112808
In base 10, what is -4329 - 39185?
-43514
In base 4, what is 100101232031211 - 3?
100101232031202
In base 6, what is 2134130 - 25225?
2104501
In base 10, what is -215462428 - -5?
-215462423
In base 2, what is 1010111011100110011 + 111?
1010111011100111010
In base 16, what is -88779 + 3d?
-8873c
In base 15, what is 1c5ae + 13?
1c5c2
In base 6, what is 4 + -145445340?
-145445332
In base 5, what is -1 + 130140434?
130140433
In base 5, what is -20333020 + 321?
-20332144
In base 2, what is -100100001011110011000001110 + -1?
-100100001011110011000001111
In base 7, what is 4513144 - 15?
4513126
In base 10, what is -32218 - 364?
-32582
In base 7, what is 442106 - -60?
442166
In base 10, what is -2088678 - 1?
-2088679
In base 9, what is 664643 + -5?
664637
In base 11, what is -727 - 4596?
-5212
In base 12, what is 369a6a1 + -5?
369a698
In base 9, what is 18866 - 1110?
17756
In base 13, what is -84a40 - 3a?
-84a7a
In base 8, what is -3 - -667674507?
667674504
In base 6, what is -1023002253 - -10?
-1023002243
In base 16, what is 4fa5c + 9?
4fa65
In base 5, what is -12200 + -2413444?
-2431144
In base 3, what is 20011 + 21012210000012?
21012210020100
In base 15, what is 175d14bb + -4?
175d14b7
In base 2, what is 1000000 + 111111110101110110?
111111110110110110
In base 15, what is 40c2 + -bdd?
33d4
In base 13, what is -2 - 180c8c4?
-180c8c6
In base 16, what is c1556e + 5?
c15573
In base 13, what is -2a + 410ac?
41082
In base 2, what is -11010010000000 - 1001011111?
-11011011011111
In base 16, what is -2f801 + 8?
-2f7f9
In base 14, what is 15d59 - -515?
16470
In base 13, what is 8c164 - -593?
8c727
In base 13, what is 1 + -205a5203?
-205a5202
In base 14, what is -3cd - 8b97?
-9186
In base 16, what is 3 + -705fc24?
-705fc21
In base 6, what is 1334250413 + 13?
1334250430
In base 16, what is -1 + -7239e6?
-7239e7
In base 9, what is 220362760 - -1?
220362761
In base 13, what is 312 + 237486?
237798
In base 4, what is 21 - -3332000211?
3332000232
In base 9, what is 41 - 514750?
-514708
In base 15, what is -7d2 + -67a?
-e5c
In base 15, what is -1432259 + -3?
-143225c
In base 5, what is 13012 - -22100140?
22113202
In base 3, what is -20220 - -1011200021?
1011102101
In base 14, what is -76 - 6689b?
-66933
In base 6, what is -153504051533 + 2?
-153504051531
In base 14, what is -b458 - -872?
-a9c6
In base 2, what is -10000001100010111 - -10000001010?
-1111111100001101
In base 6, what is -250530 + 12305?
-234221
In base 8, what is 0 - 436763277?
-436763277
In base 2, what is 100 - 1100100011000111010111110?
-1100100011000111010111010
In base 10, what is -6086 + -1900?
-7986
In base 16, what is -208b2d6d + 4?
-208b2d69
In base 10, what is -1951386 - 2?
-1951388
In base 3, what is -1120101 - -212020101?
210200000
In base 15, what is 248 + 4a1de?
4a437
In base 10, what is 891341 - -14?
891355
In base 8, what is -1 - -2455316?
2455315
In base 9, what is -2300580 + -2?
-2300582
In base 12, what is -46bb632 - -1?
-46bb631
In base 3, what is 1211 + -1102001120011?
-1102001111100
In base 9, what is 340 + -36875?
-36535
In base 8, what is 6210100 + 5?
6210105
In base 7, what is 2042132106 - 1?
2042132105
In base 12, what is 5532 + 682?
5bb4
In base 10, what is 11996512 + 1?
11996513
In base 2, what is 1110 + -110010001010?
-110001111100
In base 8, what is -3 - 16516100?
-16516103
In base 13, what is -2c - 1226213?
-1226242
In base 9, what is 53862 - 621?
53241
In base 16, what is 1753bdf - -1?
1753be0
In base 16, what is 2 + -2d3943?
-2d3941
In base 5, what is 22 + 241101443?
241102020
In base 3, what is 2120121110 + 2121000?
2200012110
In base 10, what is -235590 + -110?
-235700
In base 10, what is -8 - 2831360?
-2831368
In base 8, what is 17 - -65706762?
65707001
In base 13, what is -acca50 - 16?
-acca66
In base 14, what is -20 - 9115b?
-9117b
In base 6, what is -104233420 - -20?
-104233400
In base 2, what is 101011110011001001101110 - 10?
101011110011001001101100
In base 3, what is -1001221 + 1010122222?
1002121001
In base 14, what is -275bb + 234?
-27387
In base 9, what is 1726 - 10108?
-7272
In base 12, what is 0 + 8a5476?
8a5476
In base 8, what is -6563134 + -53?
-6563207
In base 5, what is -12110 - -10102344?
10040234
In base 9, what is -210101 + -372?
-210473
In base 3, what is -111221101 + -100222100?
-212220201
In base 11, what is -20131 - -2?
-2012a
In base 7, what is -6 - 14250455?
-14250464
In base 6, what is -113224320 - -1?
-113224315
In base 6, what is 231 + 5302323?
5302554
In base 5, what is 13124 + -111014100?
-111000421
In base 12, what is -25954 - -107?
-25849
In base 12, what is -20 - -70927?
70907
In base 8, what is -514 - 705431?
-706145
In base 11, what is 42035 + 322?
42357
In base 9, what is 3 + 55036706?
55036710
In base 2, what is 101110 - -101001000110111111?
101001000111101101
In base 2, what is 1101100110010111 - -1111000101011?
1111011111000010
In base 11, what is -143 - -12440?
122a8
In base 3, what is 1000211022101010 - -12?
1000211022101022
In base 8, what is 2470 + -316553?
-314063
In base 2, what is -10000101101101111001110 - 1?
-10000101101101111001111
In base 11, what is 1313 + 33308?
34620
In base 5, what is -2331 - -113001311?
112443430
In base 4, what is 33212 - -222331022?
223030300
In base 11, what is 1121594 + -30?
1121564
In base 9, what is 2455142 - -2?
2455144
In base 2, what is 10000100100100 - -1010110000011111?
1100110101000011
In base 8, what is -2670242 - 1?
-2670243
In base 4, what is 2033221331122 + 11?
2033221331133
In base 4, what is -13230 - 22113331?
-22133221
In base 14, what is -1a875c2 + -5?
-1a875c7
In base 10, what is -107269395 + 4?
-107269391
In base 8, what is -256573 + -13?
-256606
In base 7, what is -1140110130 - 4?
-1140110134
In base 15, what is -4 + 6cdc94?
6cdc90
In base 13, what is 20b458 + -96?
20b392
In base 9, what is -10647 + 44074?
33326
In base 6, what is 5242 - 2032043?
-2022401
In base 8, what is -373747 - -152?
-373575
In base 14, what is 1 - 904658?
-904657
In base 13, what is -40b59 - -453b?
-3961b
In base 11, what is -17 + 37291?
37275
In base 15, what is -d - -637315?
637307
In base 15, what is 9abb2ac + -6?
9abb2a6
In base 16, what is -59b9eaa + -4?
-59b9eae
In base 4, what is -102321003133 - -3?
-102321003130
In base 14, what is 10 - 555930?
-555920
In base 15, what is 2ac2d82 + 5?
2ac2d87
In base 15, what is -116d5 - 2b?
-11711
In base 8, what is -25710577 + 7?
-25710570
In base 6, what is -2 - 2444233024?
-2444233030
In base 10, what is 758 + 87283?
88041
In base 2, what is 101 - 10111010101101010010?
-10111010101101001101
In base 7, what is 2445 - 312634?
-310156
In base 6, what is -320200 + -44003?
-404203
In base 12, what is -93a75aa5 + -1?
-93a75aa6
In base 16, what is -6de4c5 + 1?
-6de4c4
In base 13, what is 23378b - -8?
233796
In base 15, what is 13 + -25aa5?
-25a92
In base 5, what is -4 + 200332400420?
200332400411
In base 5, what is -2043 + -440331020?
-440333113
In base 2, what is 110011011011 - -1001001001?
111100100100
In base 12, what is 9239954 - 4?
9239950
In base 12, what is -12 + -a331860?
-a331872
In base 16, what is b0 - -226939?
2269e9
In base 6, what is -2040253 + -4245?
-2044542
In base 10, what is -3125 + 5829?
2704
In base 9, what is 43 + 851154?
851207
In base 16, what is 1aac56 - eb?
1aab6b
In base 6, what is 15431014 + -10?
15431004
In base 13